{"id":39,"date":"2024-04-06T01:24:35","date_gmt":"2024-04-05T23:24:35","guid":{"rendered":"http:\/\/192.168.178.47\/wordpress\/?page_id=39"},"modified":"2025-03-10T17:01:01","modified_gmt":"2025-03-10T16:01:01","slug":"wie-mir-sinn","status":"publish","type":"page","link":"https:\/\/rwr.lu\/?page_id=39","title":{"rendered":"Roud W\u00e4iss Ros\u00e9 asbl"},"content":{"rendered":"\n<p class=\"has-text-align-center\"><a href=\"https:\/\/rwr.lu\/?page_id=214\" data-type=\"page\" data-id=\"76\"><img loading=\"lazy\" decoding=\"async\" width=\"50\" height=\"50\" class=\"wp-image-206\" style=\"width: 50px;\" src=\"https:\/\/rwr.lu\/wp-content\/uploads\/2024\/05\/united-kingdom.png\" alt=\"English\" srcset=\"https:\/\/rwr.lu\/wp-content\/uploads\/2024\/05\/united-kingdom.png 512w, https:\/\/rwr.lu\/wp-content\/uploads\/2024\/05\/united-kingdom-300x300.png 300w, https:\/\/rwr.lu\/wp-content\/uploads\/2024\/05\/united-kingdom-150x150.png 150w\" sizes=\"auto, (max-width: 50px) 100vw, 50px\" \/><\/a> <a href=\"https:\/\/rwr.lu\/?page_id=212\" data-type=\"page\" data-id=\"212\"><img loading=\"lazy\" decoding=\"async\" width=\"50\" height=\"50\" class=\"wp-image-205\" style=\"width: 50px;\" src=\"https:\/\/rwr.lu\/wp-content\/uploads\/2024\/05\/germany.png\" alt=\"Deutsch\" srcset=\"https:\/\/rwr.lu\/wp-content\/uploads\/2024\/05\/germany.png 512w, https:\/\/rwr.lu\/wp-content\/uploads\/2024\/05\/germany-300x300.png 300w, https:\/\/rwr.lu\/wp-content\/uploads\/2024\/05\/germany-150x150.png 150w\" sizes=\"auto, (max-width: 50px) 100vw, 50px\" \/><\/a> <a href=\"https:\/\/rwr.lu\/?page_id=76\" data-type=\"page\" data-id=\"76\"><img loading=\"lazy\" decoding=\"async\" width=\"50\" height=\"50\" class=\"wp-image-204\" style=\"width: 50px;\" src=\"https:\/\/rwr.lu\/wp-content\/uploads\/2024\/05\/france.png\" alt=\"francais\" srcset=\"https:\/\/rwr.lu\/wp-content\/uploads\/2024\/05\/france.png 512w, https:\/\/rwr.lu\/wp-content\/uploads\/2024\/05\/france-300x300.png 300w, https:\/\/rwr.lu\/wp-content\/uploads\/2024\/05\/france-150x150.png 150w\" sizes=\"auto, (max-width: 50px) 100vw, 50px\" \/><\/a><\/p>\n\n\n\n<pre class=\"wp-block-verse\"><em><mark style=\"background-color:rgba(0, 0, 0, 0)\" class=\"has-inline-color has-custom-color-1-color\">W\u00e4ifr\u00ebnn(dinnen) an all d\u00e9i wou g\u00e4ren ee gutt Glas W\u00e4in dr\u00e9nken.<br>Hei e puer Erkl\u00e4rungen zum neie Club:<\/mark><\/em><\/pre>\n\n\n\n<p>Am Grand-Duch\u00e9 fanne mir eng grouss Offer vu W\u00e4iner aus alle L\u00e4nner vun der Welt. Amplaz no neie Produiten ze sichen , konzentr\u00e9iere mir eis l\u00e9iwer op de regionale March\u00e9 , op d\u2019W\u00ebnzer an d\u2019W\u00e4inh\u00e4ndler aus der Groussregioun. Bei d\u00ebser grousser Offer vun e puer dausend W\u00e4iner ass et schw\u00e9ier s\u00e4in eegene Choix ze treffen a vill vun eis sinn op deene groussen D\u00e9gustatiounen &nbsp;iwwerfuerdert a verluer<\/p>\n\n\n\n<p><strong>D\u2019Roll vum Club ass d\u00e9i vun engem Verm\u00ebttler\/Beroder t\u00ebscht W\u00ebnzer\/H\u00e4ndler an dem Konsument. Bei deene 4 j\u00e4rlechen D\u00e9gustatiounen vum Club ginn eng 15 W\u00e4iner present\u00e9iert , ni d\u00e9iselwecht , an \u00ebmmer der Saison entspriechend.<\/strong><\/p>\n\n\n\n<p>De Pr\u00e4is pro Fl\u00e4sch entspr\u00e9cht dem offizielle Pr\u00e4is vum W\u00ebnzer\/H\u00e4ndler , d.h. dem korrekte Pr\u00e4is , dee vum W\u00ebnzer oder H\u00e4ndler festgeluecht ginn ass . &nbsp;Keng&nbsp; Braderie an&nbsp; onduerchsichteg Offeren ,och kee Wucher an domat ee s\u00e9chere Kaf fir d\u2019Memberen.<\/p>\n\n\n\n<p>De Club g\u00ebtt duerch eng Remise bei der Gruppebestellung finanz\u00e9iert a k\u00ebmmert sech em d\u2019Facturatioun an d\u2019Liwwerung vun den eenzelnen Bestellungen.<\/p>\n\n\n\n<p>De Club organis\u00e9iert och Visite bei de W\u00ebnzer fir een direkte Kontakt mat de Ver\u00e4insmemberen ze kre\u00e9ieren. Weider Projete sinn Semin\u00e4re mat Experten iwwert richteg Schmaachen.<\/p>\n\n\n\n<p>W\u00e9i dir gesitt, riicht sech d\u00ebse Club net n\u00ebmmen un all W\u00e4ikenner , mee och un all d\u00e9i Leit &nbsp;wou eng Gelee\u00ebnheet siche fir de W\u00e4in op eng einfach Man\u00e9ier kennenzel\u00e9ieren , un di jonk Generatiounen , an doduerch&nbsp; d\u2019Zukunft vun eiser Musel ze garant\u00e9ieren. &nbsp;<\/p>\n\n\n\n<p>D\u00e9gustatiounen 2025 am Restaurant Kohn zu Altwies<\/p>\n\n\n\n<ul class=\"wp-block-list\">\n<li><strong>D\u00ebnschdeg 1. Abr\u00ebll                 <\/strong><\/li>\n<\/ul>\n\n\n\n<ul class=\"wp-block-list\">\n<li><strong>M\u00e9indeg 30. Juni          <\/strong><\/li>\n<\/ul>\n\n\n\n<ul class=\"wp-block-list\">\n<li><strong>D\u00ebnschdeg 30. September<\/strong><\/li>\n<\/ul>\n\n\n\n<p>Fir de Comit\u00e9 Marc Krier,&nbsp; Pr\u00e4sident<\/p>\n\n\n\n<figure class=\"wp-block-image aligncenter size-full\"><img loading=\"lazy\" decoding=\"async\" width=\"213\" height=\"205\" src=\"https:\/\/rwr.lu\/wp-content\/uploads\/2024\/05\/logowebpsmall-2.webp\" alt=\"\" class=\"wp-image-184\"\/><\/figure>\n\n\n\n<p><\/p>\n","protected":false},"excerpt":{"rendered":"<p>W\u00e4ifr\u00ebnn(dinnen) an all d\u00e9i wou g\u00e4ren ee gutt Glas W\u00e4in dr\u00e9nken.Hei e puer Erkl\u00e4rungen zum neie Club: Am Grand-Duch\u00e9 fanne mir eng grouss Offer vu W\u00e4iner aus alle L\u00e4nner vun der Welt. Amplaz no neie Produiten ze sichen , konzentr\u00e9iere mir eis l\u00e9iwer op de regionale March\u00e9 , op d\u2019W\u00ebnzer an d\u2019W\u00e4inh\u00e4ndler aus der Groussregioun. [&hellip;]<\/p>\n","protected":false},"author":1,"featured_media":40,"parent":0,"menu_order":0,"comment_status":"closed","ping_status":"closed","template":"","meta":{"footnotes":""},"class_list":["post-39","page","type-page","status-publish","has-post-thumbnail","hentry"],"_links":{"self":[{"href":"https:\/\/rwr.lu\/index.php?rest_route=\/wp\/v2\/pages\/39","targetHints":{"allow":["GET"]}}],"collection":[{"href":"https:\/\/rwr.lu\/index.php?rest_route=\/wp\/v2\/pages"}],"about":[{"href":"https:\/\/rwr.lu\/index.php?rest_route=\/wp\/v2\/types\/page"}],"author":[{"embeddable":true,"href":"https:\/\/rwr.lu\/index.php?rest_route=\/wp\/v2\/users\/1"}],"replies":[{"embeddable":true,"href":"https:\/\/rwr.lu\/index.php?rest_route=%2Fwp%2Fv2%2Fcomments&post=39"}],"version-history":[{"count":14,"href":"https:\/\/rwr.lu\/index.php?rest_route=\/wp\/v2\/pages\/39\/revisions"}],"predecessor-version":[{"id":366,"href":"https:\/\/rwr.lu\/index.php?rest_route=\/wp\/v2\/pages\/39\/revisions\/366"}],"wp:featuredmedia":[{"embeddable":true,"href":"https:\/\/rwr.lu\/index.php?rest_route=\/"}],"wp:attachment":[{"href":"https:\/\/rwr.lu\/index.php?rest_route=%2Fwp%2Fv2%2Fmedia&parent=39"}],"curies":[{"name":"wp","href":"https:\/\/api.w.org\/{rel}","templated":true}]}}